is -111134 + 0?
-111134
In base 10, what is 5 - 14?
-9
In base 9, what is -768 + 2?
-766
In base 11, what is 0 - 2aa?
-2aa
In base 3, what is -11 - -20000?
12212
In base 14, what is 239 - 1?
238
In base 5, what is -12211 - 0?
-12211
In base 13, what is -28 + 2?
-26
In base 6, what is -2 - -31?
25
In base 12, what is -1 + -760?
-761
In base 9, what is 342 + 2?
344
In base 8, what is -407 + 14?
-373
In base 6, what is 3 + 212?
215
In base 16, what is -15 + -21?
-36
In base 3, what is -1200 + 2011?
111
In base 15, what is -3e4 - 4?
-3e8
In base 7, what is 106 + -16?
60
In base 15, what is 0 - -402?
402
In base 14, what is -4 - 1a?
-20
In base 4, what is -1031 - -3?
-1022
In base 7, what is -14 - 6?
-23
In base 2, what is 111010101 - -110?
111011011
In base 3, what is 1021 + 10?
1101
In base 3, what is 1012 - -22?
1111
In base 14, what is 7c - -9?
87
In base 15, what is -397 - -3?
-394
In base 12, what is 13 - -8b?
a2
In base 2, what is -100 + -100010?
-100110
In base 4, what is -1020001 - -11?
-1013330
In base 11, what is -2 + 478?
476
In base 8, what is -12 + -314?
-326
In base 16, what is -8d - -13?
-7a
In base 7, what is -14613 - 2?
-14615
In base 9, what is -61 - 131?
-202
In base 6, what is -53303 + 3?
-53300
In base 6, what is 51 - -55?
150
In base 7, what is -5 - 1462?
-1500
In base 14, what is 5 + -c34?
-c2d
In base 4, what is 301 + 10212?
11113
In base 14, what is -2d + 27?
-6
In base 6, what is 14 + 33?
51
In base 8, what is 2675 - -3?
2700
In base 6, what is 24 - 22?
2
In base 12, what is 12 - 1?
11
In base 6, what is 1211 - -35?
1250
In base 7, what is 4 - 160?
-153
In base 8, what is 3 + -1271?
-1266
In base 2, what is 1100101 + -101?
1100000
In base 7, what is -2 - 2241?
-2243
In base 16, what is 82 + -2?
80
In base 10, what is 5 + 1256?
1261
In base 12, what is -4 - -25a?
256
In base 16, what is 5 + 74?
79
In base 11, what is 850 + -1?
84a
In base 7, what is -11446 - 2?
-11451
In base 2, what is 101 - 110111?
-110010
In base 8, what is -5 + 11541?
11534
In base 13, what is -4 + -c?
-13
In base 2, what is 1000100 - 1000?
111100
In base 15, what is -3 - be?
-c2
In base 3, what is -11 + 1220221?
1220210
In base 8, what is 371 + 3?
374
In base 7, what is -1 - 11016?
-11020
In base 8, what is -1 + 1562?
1561
In base 12, what is 5 + -17a1?
-1798
In base 6, what is 30 + -1234?
-1204
In base 8, what is -145 - -40?
-105
In base 11, what is -17 - 67?
-83
In base 15, what is d + 18?
26
In base 4, what is -11 - -230?
213
In base 15, what is 3 - 2e7?
-2e4
In base 14, what is 7 - -db?
104
In base 11, what is -133 - -5?
-129
In base 6, what is -1242 - 5?
-1251
In base 4, what is -11 + -113?
-130
In base 10, what is -3 + -128?
-131
In base 15, what is 1d86 + 2?
1d88
In base 7, what is 3465 + -3?
3462
In base 13, what is -8 + a1?
96
In base 7, what is -14 - 2?
-16
In base 12, what is 5 - 48?
-43
In base 11, what is 3 + 615?
618
In base 8, what is 3 - 10?
-5
In base 3, what is 22 - -1212?
2011
In base 7, what is 12241 - 1?
12240
In base 15, what is -5ca + -1?
-5cb
In base 16, what is -3 + -f?
-12
In base 10, what is 3 + 1801?
1804
In base 14, what is -64 + 3?
-61
In base 8, what is -13 + 44?
31
In base 4, what is -13 + -3113?
-3132
In base 6, what is -1230 + 3?
-1223
In base 7, what is -33 - 3?
-36
In base 13, what is -4 + -39?
-40
In base 3, what is -2000002 - -21?
-1222211
In base 3, what is 1010012 + 12?
1010101
In base 2, what is 0 - -110011?
110011
In base 11, what is 7977 + 0?
7977
In base 6, what is -2 - -10402?
10400
In base 3, what is 22 + -210101?
-210002
In base 12, what is -aa - -13?
-97
In base 7, what is 2511 + 12?
2523
In base 12, what is 9a4 - -4?
9a8
In base 7, what is -52 - -6?
-43
In base 3, what is -212000 - 121?
-212121
In base 7, what is -1404 - -11?
-1363
In base 3, what is -11 + -11101?
-11112
In base 7, what is -5 - -251?
243
In base 9, what is 2 + 611?
613
In base 9, what is 233 + -3?
230
In base 5, what is -41 + 1200?
1104
In base 14, what is 16 - -32?
48
In base 13, what is -4 - -22?
1b
In base 12, what is 137 - -6?
141
In base 7, what is 1162 + -5?
1154
In base 15, what is -57 + 8?
-4e
In base 14, what is -9 - 5?
-10
In base 11, what is -1 - -a06?
a05
In base 3, what is -20101 + 1100?
-12001
In base 14, what is -4 + 11?
b
In base 16, what is 12 - b3?
-a1
In base 2, what is 11 - -11?
110
In base 3, what is -10201101 - -11?
-10201020
In base 16, what is 51 + 0?
51
In base 5, what is 3034031 - -4?
3034040
In base 11, what is -a8 - 1?
-a9
In base 11, what is -11 + -46a?
-480
In base 5, what is 140134 + 3?
140142
In base 6, what is 230 + 3?
233
In base 11, what is -a5 - -33?
-72
In base 11, what is -7 + -362?
-369
In base 7, what is -151 - -5?
-143
In base 15, what is 5 - -196?
19b
In base 11, what is 6752 + -4?
6749
In base 5, what is 2 - -10411?
10413
In base 6, what is -14104 - -3?
-14101
In base 3, what is -1001201 - 1?
-1001202
In base 10, what is -277 + -5?
-282
In base 7, what is 10 + 254?
264
In base 13, what is -4 - 48?
-4c
In base 7, what is 412 + 4?
416
In base 9, what is 0 + 678?
678
In base 5, what is 2243 - 2?
2241
In base 13, what is 2a7 - 5?
2a2
In base 14, what is 59 - 1?
58
In base 7, what is 144654 - 2?
144652
In base 6, what is -30 + 1?
-25
In base 3, what is 10 + 220?
1000
In base 8, what is -367 + 2?
-365
In base 4, what is -1 - -1120?
1113
In base 8, what is -65 - -4?
-61
In base 11, what is 35 + -3a?
-5
In base 13, what is 2 + -1b?
-19
In base 12, what is -303 - -4?
-2bb
In base 7, what is 6 - 25?
-16
In base 4, what is -123 - -10121?
3332
In base 2, what is -1100010111 - -11?
-1100010100
In base 11, what is a1 - -27?
118
In base 4, what is 0 - 112122?
-112122
In base 11, what is 1546 + -3?
1543
In base 3, what is 1 + 21?
22
In base 14, what is -11 + -14?
-25
In base 2, what is -100 - -10101100?
10101000
In base 10, what is 4 - 149?
-145
In base 2, what is -110 - 101100?
-110010
In base 11, what is 528 - 5?
523
In base 13, what is -413 + 1?
-412
In base 15, what is -73 + 3?
-70
In base 14, what is 1323 + 8?
132b
In base 12, what is -3 + 251?
24a
In base 4, what is 30120 - -20?
30200
In base 13, what is 2a + 15a?
187
In base 9, what is -4 + -7?
-12
In base 12, what is -1596 + -3?
-1599
In base 3, what is 1 + 1021?
1022
In base 2, what is 1 + 1010101011011?
1010101011100
In base 2, what is 1 - 10001?
-10000
In base 8, what is -574 - 20?
-614
In base 15, what is 8b + -a?
81
In base 9, what is -220 + 24?
-185
In base 13, what is 0 + 1721?
1721
In base 6, what is -132454 - -2?
-132452
In base 3, what is 1 + -21210?
-21202
In base 10, what is 1 - 1113?
-1112
In base 14, what is 1 + -3b?
-3a
In base 14, what is 26 - 6c?
-46
In base 14, what is 12 - -6?
18
In base 15, what is 5 + 112?
117
In base 12, what is -3 - -b4?
b1
In base 4, what is -11 + -210?
-221
In base 4, what is 11 + 10121?
10132
In base 2, what is 10 + 110001110011?
110001110101
In base 10, what is 326 - 67?
259
In base 11, what is 14 - 142?
-129
In base 8, what is -1 + -6512?
-6513
In base 5, what is 2 + 110?
112
In base 4, what is -10222 + -22?
-10310
In base 8, what is -2055 - 0?
-2055
In base 6, what is 4 + -5342?
-5334
In base 15, what is 1a9 + -3?
1a6
In base 7, what is -15 + -1404?
-1422
In base 14, what is -2 - -29?
27
In base 2, what is 1001 + -1011100?
-1010011
In base 15, what is 339 + -1?
338
In base 7, what is 24 + 46?
103
In base 4, what is 23 - 3133?
-3110
In base 10, what is 262 + -4?
258
In base 14, what is -4 - 16?
-1a
In base 10, what is 1312 - 14?
1298
In base 5, what is -3140 - -13?
-3122
In base 6, what is 12 - 5105?
-5053
In base 8, what is 3 - -375?
400
In base 14, what is -131 - 9?
-13a
In base 6, what is 0 - -3525?
3525
In base 2, what is 11011010001 + -100?
11011001101
In base 10, what is -78 + 0?
-78
In base 13, what is 2 - 7a5?
-7a3
In base 9, what is 2 + -182?
-180
In base 7, what is 4 + -1144?
-1140
In base 9, what is -3 - 13?
-16
In base 5, what is 1 + -232?
-231
In base 9, what is -66 - -52?
-14
In base 6, what is 3 - -4214?
4221
In base 11, what is 550 - 1?
54a
In base 7, what is -611 - 0?
-611
In base 3, what is 2201210 + 11?
2201221
In base 15, what is d + -76?
-68
In base 11, what is -1903 - -4?
-18aa
In base 11, what is -3 + 65?
62
In base 11, what is 5 - -66?
70
In base 15, what is -2 + 17?
15
In base 1